 + 5. What is k(21)?
803
Let r(w) = 3*w**2 - 788*w + 7241. Give r(255).
1376
Let p(c) = -c**3 - 1772*c**2 + 26708*c + 1458. Calculate p(15).
3
Let z(f) = 242*f - 41020. What is z(170)?
120
Let j(h) = 4*h**3 + 148*h**2 + 419*h - 1. Give j(-3).
-34
Let v(a) = a**3 + 39*a**2 - 42*a - 12. Determine v(8).
2660
Let n(s) = -3*s**2 + 2763*s - 559843. Determine n(620).
17
Let a(o) = -17*o**2 + 217*o - 26. Determine a(13).
-78
Let x(f) = -15*f**3 - 4*f**2 + 88*f + 336. What is x(-4)?
880
Let z(j) = j**3 - 33*j**2 + 10*j + 2254. Determine z(30).
-146
Let w(d) = 9858*d + 108438. Determine w(-11).
0
Let g(q) = -q**3 - 15*q**2 + 138*q + 1587. Determine g(-19).
409
Let t(k) = -312*k**2 + 1518*k - 59. Give t(5).
-269
Let q(c) = -965*c - 1451. Calculate q(2).
-3381
Let o(s) = -140*s - 5041. Give o(-36).
-1
Let b(u) = -2*u**2 - 254*u - 8109. Calculate b(-65).
-49
Let h(l) = -5*l**2 - 176*l + 877. What is h(-61)?
-6992
Let h(a) = 5559*a - 2846206. What is h(512)?
2
Let m(b) = b**3 - 24*b**2 + 25*b + 1303. Determine m(19).
-27
Let u(o) = 39510*o + 237038. Give u(-6).
-22
Let l(i) = 4390*i**2 + 3393470*i - 3. What is l(-773)?
-3
Let k(i) = i**3 - 302*i**2 + 319*i - 188469. Calculate k(303).
-3
Let j(i) = -72318*i + 16343873. What is j(226)?
5
Let v(x) = -5*x**3 + 30*x**2 + 29*x - 233. What is v(7)?
-275
Let f(t) = -4*t**2 - 67516*t - 472412. Give f(-7).
4
Let y(o) = 2*o**3 - 66*o**2 - 64*o + 2199. Calculate y(33).
87
Let i(b) = 480843*b - 5. What is i(0)?
-5
Let t(f) = 4677*f + 126236. Give t(-27).
-43
Let n(m) = 2017*m - 78714. Calculate n(39).
-51
Let f(a) = -20*a + 111. What is f(100)?
-1889
Let z(u) = -10217*u + 1174954. Give z(115).
-1
Let z(o) = -60*o**3 - 21*o**2 - 43*o - 14. What is z(-3)?
1546
Let l(c) = -5*c**3 - 22*c**2 + 985*c + 5639. Determine l(-6).
17
Let n(w) = w**3 + 19*w**2 - 65*w - 267. Calculate n(-23).
-888
Let y(j) = -88*j - 7837. What is y(-78)?
-973
Let o(v) = -606*v + 1059. What is o(2)?
-153
Let t(c) = -1433*c**2 + 200618*c - 78. Calculate t(140).
-358
Let c(k) = -k**2 - 18473*k - 1434798. Give c(-78).
12
Let z(x) = -386*x**2 - 4244*x - 11. Determine z(-11).
-33
Let n(m) = -4*m**2 + 862*m - 3478. What is n(4)?
-94
Let y(m) = 8*m**3 - 320*m**2 - 3*m - 155. What is y(40)?
-275
Let y(i) = -5*i**3 - i**2 - 30657*i + 122590. What is y(4)?
-374
Let g(v) = 6*v**3 + 1692*v**2 - 949*v - 267626. Calculate g(-282).
-8
Let g(y) = 3*y**3 - 179*y**2 + 206*y - 15905. Calculate g(60).
55
Let t(p) = -5*p**2 - 159*p - 1386. Give t(-34).
-1760
Let b(d) = -40*d**2 + 6225*d - 56103. Determine b(9).
-3318
Let n(h) = -h**3 + 48*h**2 + 3*h + 3659. Determine n(50).
-1191
Let a(s) = 16*s**2 + 2042*s + 1141. Determine a(-127).
-129
Let t(h) = 41*h + 5384. What is t(-132)?
-28
Let u(o) = -2*o**3 + 6*o**2 - 11444*o + 34329. Give u(3).
-3
Let a(v) = -9*v**2 - 106798*v + 320399. Determine a(3).
-76
Let l(r) = r**2 + 10221*r - 808. What is l(0)?
-808
Let w(j) = -23*j**2 + 5654*j + 883. Determine w(246).
-101
Let i(r) = -39*r**2 - 39329*r - 251499. Give i(-1002).
3
Let m(a) = 1386*a - 42986. Give m(31).
-20
Let u(g) = g**3 + 25*g**2 + 639*g + 17272. Calculate u(-26).
-18
Let j(o) = 2754*o - 27535. Determine j(10).
5
Let w(a) = a**3 - 16*a**2 + 6*a - 480. What is w(23)?
3361
Let h(a) = a**2 + 15*a - 22268. Calculate h(111).
-8282
Let j(w) = -4*w**3 - 109*w**2 + 57*w - 171. What is j(-28)?
585
Let c(q) = q**3 - 138*q**2 + 1230*q - 8906. Calculate c(129).
-5
Let q(k) = -4306*k - 3252. Give q(-1).
1054
Let g(b) = b**2 - 93*b - 28474. Determine g(-129).
164
Let t(j) = 2*j**3 - 277*j**2 - 1581*j - 426. Determine t(144).
6
Let b(a) = 1562514*a - 21875195. Give b(14).
1
Let z(p) = -88543*p + 1505228. What is z(17)?
-3
Let r(w) = -13470*w - 53795. Give r(-4).
85
Let m(r) = -r**3 - 116*r**2 + 2749*r + 38. Give m(20).
618
Let l(j) = 54*j**3 + 7503*j**2 - 411*j + 597. What is l(-139)?
-237
Let x(o) = o**2 + 158*o + 1341. Calculate x(-9).
0
Let c(p) = p**3 - 485*p**2 + 8832*p + 413. Calculate c(19).
-5
Let r(m) = 3087*m - 40190. Give r(13).
-59
Let z(h) = -15*h**2 + 247*h - 1791. Determine z(7).
-797
Let l(f) = -f**3 + 430*f**2 - 2570*f + 155. Determine l(6).
-1
Let i(o) = -o**3 - 12*o**2 + 104*o + 85. Determine i(-18).
157
Let y(f) = -f**3 + 77*f**2 - 256*f - 1451. Determine y(6).
-431
Let j(u) = 6362*u**2 - 6365*u - 22. Calculate j(1).
-25
Let l(s) = 23*s**3 + 301*s**2 - 29*s - 680. Determine l(-13).
35
Let u(i) = i**2 + 61*i - 68. What is u(-71)?
642
Let u(z) = -6*z**3 - 48*z + 111. Calculate u(2).
-33
Let t(a) = a**3 - 614*a**2 + 27692*a - 3948. What is t(565)?
7
Let r(v) = 9*v**2 + 1469*v - 20615. Determine r(13).
3
Let l(u) = 36*u**2 + 540*u + 1580. What is l(-3)?
284
Let u(l) = 1719*l - 211474. Calculate u(123).
-37
Let o(g) = g**3 + 14*g**2 + 1509*g + 13189. Determine o(-9).
13
Let k(r) = 2*r**3 + 144*r**2 + 1790*r + 6. Give k(-56).
118
Let w(c) = -3*c**2 - 53*c + 852. Determine w(10).
22
Let m(a) = -2*a**3 + 2*a**2 - 1302*a - 5222. Determine m(-4).
146
Let y(g) = 2*g**3 - 48*g**2 - 6678*g - 188. Give y(-47).
0
Let i(j) = -56770*j + 283828. Calculate i(5).
-22
Let n(z) = -17367*z + 138927. Calculate n(8).
-9
Let p(k) = -11*k**2 + 545*k - 82. Give p(50).
-332
Let o(c) = 2482*c + 47151. Calculate o(-19).
-7
Let h(a) = 60852*a + 1338699. What is h(-22)?
-45
Let y(c) = -131366*c - 525466. What is y(-4)?
-2
Let p(l) = -l**3 + 46*l**2 - 221*l - 766. Give p(40).
-6
Let u(y) = y**3 - 15*y**2 - 480*y + 4263. What is u(9)?
-543
Let m(t) = -5*t**2 - 192*t - 977. Give m(-5).
-142
Let y(x) = -34*x**2 + 301*x - 364. What is y(7)?
77
Let d(p) = -50883*p - 153261. Determine d(-3).
-612
Let w(y) = -3*y**2 + 59237*y + 296256. What is w(-5)?
-4
Let v(n) = -n**3 + 15*n**2 + 23*n - 171. What is v(12)?
537
Let n(d) = -272*d**2 + 829*d + 537. Give n(4).
-499
Let a(r) = -r**3 - 155*r**2 - 186*r - 28668. Give a(-155).
162
Let u(p) = -5866*p + 99642. What is u(17)?
-80
Let u(k) = -25879*k - 5201596. What is u(-201)?
83
Let x(y) = 15*y**3 - 224*y**2 - 23*y + 102. Give x(15).
-18
Let z(t) = 7*t**2 - 1512*t - 7727. What is z(-5)?
8
Let u(f) = -2*f**2 + 145*f + 10252. Give u(-45).
-323
Let m(i) = -11608*i + 4619985. Give m(398).
1
Let i(a) = -2*a**2 + 1293*a + 1059048. Calculate i(-473).
1
Let k(s) = -311*s + 1884. Determine k(6).
18
Let j(w) = -w**2 + 314*w + 15096. Determine j(-42).
144
Let k(i) = 26*i**3 - 8634*i**2 + 659*i + 1694. What is k(332)?
34
Let m(l) = -15021*l - 1066400. Determine m(-71).
91
Let s(j) = 203*j**2 - 52784*j + 1057. Give s(260).
17
Let b(j) = -j**3 - 30*j**2 - 168*j + 322. Calculate b(-22).
146
Let p(s) = -332*s**3 + 7*s**2 - 1244*s - 1253. Calculate p(-1).
330
Let d(y) = 18*y**2 - 87*y - 57. Determine d(-6).
1113
Let g(n) = -1798*n + 6757. Determine g(3).
1363
Let f(p) = -68800*p + 67. Give f(0).
67
Let c(r) = -22*r**2 + 466*r - 2324. Determine c(5).
-544
Let i(f) = -5*f**2 + 1255*f - 15467. What is i(238)?
3
Let v(g) = -385*g + 51990. Give v(135).
15
Let g(s) = -46581*s - 978202. What is g(-21)?
-1
Let j(i) = i**3 + 215*i**2 - 2728*i - 932. Determine j(-227).
-24
Let u(i) = 2*i**3 + 2*i**2 - 22906*i + 32. What is u(0)?
32
Let f(y) = 5410*y - 89083. Give f(17).
2887
Let b(n) = 8708*n - 8736. Calculate b(1).
-28
Let y(z) = 19284*z - 925623. Give y(48).
9
Let h(j) = -j**2 - 791280*j + 2373861. What is h(3)?
12
Let u(p) = 7*p**2 + 11*p + 1615. Determine u(0).
1615
Let q(n) = -396382*n - 1981912. Calculate q(-5).
-2
Let y(s) = -2*s**3 + 27*s**2 - 97*s + 1835. What is y(15)?
-295
Let t(k) = -10616*k - 806934. Calculate t(-76).
-118
Let l(k) = -66*k**2 - 51*k + 67. What is l(2)?
-299
Let c(l) = 2*l**2 + 12751*l + 355493. Determine c(-28).
33
Let x(a) = -a**3 - 68*a**2 - 590*a + 34595. Give x(17).
0
Let y(i) = 224*i**2 - 217*i - 433. What is y(-2)?
897
Let g(n) = -6*n**3 - 2*n**2 - 95*n - 676. Calculate g(-7).
1949
Let x(o) = -o**3 - 38*o**2 + 920*o - 1083. Calculate x(-55).
-258
Let h(l) = -l**3 - 90*l**2 - 577*l + 28002. Calculate h(-78).
0
Let n(f) = f**3 + 21*f**2 - 1239*f - 837. Give n(-47).
-38
Let u(p) = -575*p - 18766. What is u(-33)?
209
Let f(k) = k**3 + 569*k**2 + 46171*k + 6130. Calculate f(-471).
7
Let v(n) = -33340*n - 300068. Give v(-9).
-8
Let o(u) = 69*u**2 + 60*u + 4. What is o(3)?
805
Let l(p) = -586*p + 6434. What is l(11)?
-12
Let s(l) = 4*l**2 + 304*l - 11029